of m and r.
13
Let m be -15 + 18 + (51 - 0/1). What is the greatest common factor of 27 and m?
27
Let d be 2 - 3/(-1*(-3)/(-2)). Let i be (d - 3) + 19 + -1 + 2. Suppose 28 = 2*f + 2*f. What is the greatest common factor of i and f?
7
Let s be 116/87*45/2. What is the greatest common divisor of s and 55?
5
Let w(g) = -5*g - 14. Let n be 3/(-6)*(15 + -5). Let d be w(n). Calculate the highest common factor of d and 1.
1
Let d = 82 - 73. Let t be 27 + -28 - -3*1. What is the greatest common divisor of d and t?
1
Suppose 0*t - 2*t + 6 = 0. Suppose -z + 1 + 2 = -5*s, z - t = -s. Suppose z*l + 225 = 8*l. What is the highest common divisor of 9 and l?
9
Suppose 4*n = 2*w - 50, 3*w - 2*w = 4*n + 21. Let b = w - 24. Suppose r = b*l - r - 9, -2*l + r + 3 = 0. Calculate the highest common factor of l and 15.
3
Let z = 34 + -32. Suppose -z*l + 14 = 6, -248 = -4*r + l. Calculate the highest common divisor of 18 and r.
9
Let n be (-34)/(-3) - 4/(-6). Let c be ((-17280)/(-198))/(-20)*-22. What is the highest common divisor of n and c?
12
Suppose -2 = 2*d - 26. Let k(h) = 61*h**3 - h. Let o be k(1). Calculate the greatest common factor of d and o.
12
Suppose -3*r + 410 = q, -4*r - 450 = -q - 33. What is the highest common divisor of q and 7?
7
Let c(m) = -4*m**3 - 2*m**2 - 3*m - 3. Let t be c(-3). What is the highest common factor of 6 and t?
6
Let s be 1/(-2 - (-175)/85). Let w = s + -8. Calculate the greatest common factor of w and 99.
9
Suppose 45*h - 1949 = 391. Calculate the greatest common factor of 65 and h.
13
Let d be (4 - 32/(-3))/((-2)/(-6)). What is the greatest common factor of d and 64?
4
Suppose 0 = 16*o - 139 - 901. What is the highest common divisor of o and 13?
13
Let p(w) = -6*w - 3. Let h be p(-7). Let o = 40 + -37. Suppose -9 = -3*a, -5*q + o*a = -0*q - 56. What is the highest common divisor of q and h?
13
Let r(l) = -l**3 - 14*l**2 + 15*l + 6. Let s be r(-15). Suppose -s*x = -0*x - 48. Calculate the greatest common factor of x and 8.
8
Let o = -216 - -306. Let w be -42*(12/(-10))/(o/1100). What is the highest common divisor of w and 56?
56
Let h(s) = s**2 + 12*s - 5. Let k be h(-13). Suppose 4*d - 445 = -3*g, 600 = k*d - 3*d - 5*g. What is the highest common divisor of d and 46?
23
Let p = 261 - 178. Let s(x) = -x**2 + 12*x - 13. Let a be s(11). Let l be -4*(3 + p/a). What is the greatest common factor of 22 and l?
22
Let v = 59 - 116. Let g = v + 123. Let t(d) = -11*d - 33. Let u be t(-18). What is the greatest common divisor of g and u?
33
Let n(c) = c**3 - 3*c**2 - 9*c - 28. Let m be n(6). Suppose -15 = -5*g, -7*f = -2*f + 4*g + 8. Let p = m + f. Calculate the highest common factor of p and 242.
22
Let p = 836 - 756. Calculate the greatest common divisor of 32 and p.
16
Let b = 19 + -16. Suppose k + 9 = 21. Calculate the greatest common factor of b and k.
3
Suppose -3*r + 28 = r. Let d = 720 - 706. Let j be 3274/d + r/49. Calculate the greatest common factor of 26 and j.
26
Let r be (4 - (-13)/(-3)) + (-316)/(-3). What is the greatest common factor of 30 and r?
15
Suppose -96 + 546 = 5*r. Calculate the highest common factor of r and 234.
18
Let u(s) = 3*s**2 - 31*s + 15. Let j be u(12). Suppose 5*a + 20 - 170 = 0. What is the greatest common factor of a and j?
15
Let g(w) = -w**3 - 12*w**2 + 8*w + 3. Let h be (-3)/(-9)*117/(-3). Let b be g(h). Let l = b + -12. What is the highest common divisor of l and 14?
14
Suppose -4*a - q - 70 = 0, -3*q - 12 = -a + 2*a. Let o be -21 + (2 + a)/(-4). Let g = 31 + o. Calculate the highest common factor of 98 and g.
14
Suppose 6*i - 8*i + 7 = 3*d, -40 = -5*i - 3*d. Suppose -5*y - 4*j + 6 = -65, -5*y + 75 = 5*j. What is the greatest common factor of y and i?
11
Suppose -350 = 38*l - 996. What is the highest common divisor of 289 and l?
17
Let g be 27/(9 + -4 - 4). Let d be 237/g + 6/27. Let s = 6 - -57. Calculate the greatest common factor of d and s.
9
Let i = 92 + -90. Let x be i/5 - (-789)/15. What is the highest common factor of 477 and x?
53
Let x be 2 + (6 + -5)/((-5)/(-25)). Let a be -1 - (-10)/2*12. Suppose 5*y = -3*v + 88, 2*y = 4*v - 3*y - a. What is the highest common divisor of v and x?
7
Suppose -1428 = -4*g + 3*z, -g + 5*z - 75 = -415. What is the greatest common divisor of 4 and g?
4
Let k be -112*-2*(-2)/(-8). Let j(h) = -10*h + 25 - 11 + 3*h - 7. Let g be j(-3). What is the highest common divisor of g and k?
28
Suppose j = -j + 124. Suppose 3*d + 5 = j. Suppose -3*g = -62 - d. Calculate the highest common divisor of 81 and g.
27
Suppose j - 2*j = -5. Suppose 5*y - j*g = 0, -16 + 4 = -3*g. Suppose y*p + p + 32 = 4*x, -3*p - 18 = -2*x. Calculate the greatest common divisor of x and 33.
3
Let d be (-8 - -4 - 0) + 28. Let k be (d*7)/2*2/4. Calculate the greatest common divisor of k and 6.
6
Suppose 0 = 2*a + 3*a - 380. Suppose 0 = 25*w - 26*w + a. Calculate the highest common divisor of 19 and w.
19
Let z be 9/(-6)*2 - 1. Let i = 11 - z. Calculate the greatest common factor of i and 45.
15
Let n be (-635)/(-6) + (-155)/186. Calculate the highest common factor of 45 and n.
15
Let t(r) = r - 16. Let o be t(12). Let f(y) = y**2 + 2*y + 7. Let k be f(o). Let d be (5 + 1)/((-4)/(-30)). Calculate the greatest common divisor of k and d.
15
Suppose 110*h + 721 = 113*h + 5*n, -h + 227 = 5*n. What is the highest common factor of h and 19?
19
Let f = -8 + 13. Let b(r) = 5*r + r**2 - 5 + 7 + f + 3. Let q be b(-6). Calculate the greatest common factor of q and 112.
16
Let g = -30 + 19. Let v(t) = -4*t - 19. Let c be v(g). Calculate the highest common divisor of 10 and c.
5
Let o be (3384 + 9 - 3) + 10. Calculate the greatest common divisor of o and 136.
136
Let g be -1*127*(-5 - -4). Let s = g + -71. Calculate the greatest common factor of 24 and s.
8
Let t(a) = -a - 3. Let p be t(-3). Let c = -8 - -11. Let b be 14 - (3 - p) - c. What is the highest common divisor of 8 and b?
8
Let w be ((-3)/2)/(3/250*-5). What is the greatest common factor of w and 175?
25
Let q(d) be the second derivative of 2*d**3/3 + 2*d**2 + 3*d. Let r be (-70)/(-4)*44/55. Let w be q(r). What is the greatest common divisor of 12 and w?
12
Let t = 46 - 26. Let w = 76 - 82. Let c(k) = -2*k**3 - 12*k**2 - k + 4. Let y be c(w). What is the greatest common factor of y and t?
10
Let n be (110/(-12))/(26/(-468)). What is the greatest common factor of n and 15?
15
Let m(w) = -3*w**3 - w + 136. Let c be m(0). What is the greatest common divisor of c and 24?
8
Let w = -151 - -31. Let s be (w/(-25) + -6)*145/(-2). What is the highest common factor of 29 and s?
29
Let t = 625 + -545. Suppose 4*k - 80 = -k. What is the highest common divisor of k and t?
16
Suppose 2*z + 3202 = -12542. Let v be z/(-42) + (-6)/14. Suppose 5*m - 75 = -5*q, 5*m - q - 3*q = 93. What is the greatest common divisor of v and m?
17
Let y = 2 + -28. Let o = 41 + y. Calculate the highest common factor of 10 and o.
5
Suppose 4*r - 5*d = -6 - 7, 3*r = -3*d + 24. Let s = r - -10. What is the greatest common factor of 13 and s?
13
Let s(h) = -h + 15. Let c be s(11). Suppose -4*i + 4*g = 12, -i + c*i + 5*g = 15. Suppose -m = -i*m - 6. What is the greatest common factor of 4 and m?
2
Suppose 100 + 76 = h. Suppose -5*x + 2*u = -2*x - 57, 2*x - 45 = -u. Let d be 33/(-2)*(-28)/x. Calculate the greatest common divisor of h and d.
22
Suppose 2*t - 45 = -t. Suppose 2*b = 7*b - t. Suppose 4*a - 3*n - 19 = 0, a = -a + b*n + 11. What is the highest common divisor of 6 and a?
2
Let n(h) = -h**2 - 11*h + 8. Let i be n(-9). Let m be i/6 + (-1)/3. Let f be 20*6/m*2. Calculate the greatest common divisor of 20 and f.
20
Suppose 10 = 2*t + 4. Let g be (-24)/36 + 208/6. Suppose -t*w = -23 - g. Calculate the highest common divisor of 57 and w.
19
Suppose 70*i - 57*i - 988 = 0. Suppose 152 = -z + 5*z. Calculate the highest common divisor of i and z.
38
Suppose 5*f = 5*p - 35, 0 = -p - 0*p - 2*f + 1. Let w be -6 + 6 - p*-12. Suppose -w = -0*x - 3*x. What is the highest common divisor of 30 and x?
10
Let n(b) = 11*b**2 + 13*b + 63. Let t be n(8). What is the highest common divisor of 67 and t?
67
Let p = 703 + -643. Let m(t) = -t**2 + 4*t - 4. Let j be m(6). Let d be 27/(-12)*j/3. Calculate the greatest common divisor of d and p.
12
Let t(q) = -46*q**2 + 3*q + 2. Let s be t(-1). Let c = s -